{"id":2260,"date":"2024-07-10T09:32:00","date_gmt":"2024-07-10T09:32:00","guid":{"rendered":"https:\/\/www.comercialfrankcanarias.com\/?page_id=2260"},"modified":"2024-07-10T09:32:00","modified_gmt":"2024-07-10T09:32:00","slug":"quienes-somos-2","status":"publish","type":"page","link":"https:\/\/www.comercialfrankcanarias.com\/index.php\/quienes-somos-2\/","title":{"rendered":"\u00bfQui\u00e9nes somos?"},"content":{"rendered":"<div class=\"wp-block-image\">\n<figure class=\"aligncenter size-full is-resized\"><img loading=\"lazy\" decoding=\"async\" width=\"765\" height=\"595\" src=\"https:\/\/www.comercialfrankcanarias.com\/wp-content\/uploads\/2024\/06\/Logo_fRANK_Prueba-1.png\" alt=\"\" class=\"wp-image-2261\" style=\"width:383px;height:298px\" srcset=\"https:\/\/www.comercialfrankcanarias.com\/wp-content\/uploads\/2024\/06\/Logo_fRANK_Prueba-1.png 765w, https:\/\/www.comercialfrankcanarias.com\/wp-content\/uploads\/2024\/06\/Logo_fRANK_Prueba-1-600x467.png 600w\" sizes=\"auto, (max-width: 765px) 100vw, 765px\" \/><\/figure><\/div>\n\n\n<h1 class=\"wp-block-heading has-text-align-center\">Somos un equipo que quiere estar a tu lado<\/h1>\n\n\n\n<p class=\"has-text-align-center\" style=\"font-size:20px\">La empresa Comercial Frank tiene una larga experiencia, m\u00e1s de 17 a\u00f1os, como distribuidora de productos de marcas l\u00edderes de su sector, pertenecientes a \u00e1mbitos tan diversos como el sector automovil\u00edstico, papeler\u00eda, art\u00edculos de regalo, souvenir, etc&#8230;<\/p>\n\n\n<div class=\"wp-block-image\">\n<figure class=\"aligncenter size-full is-resized\"><img loading=\"lazy\" decoding=\"async\" width=\"1920\" height=\"1080\" src=\"https:\/\/www.comercialfrankcanarias.com\/wp-content\/uploads\/2024\/07\/Crecer2-1.png\" alt=\"\" class=\"wp-image-2466\" style=\"width:960px;height:540px\" srcset=\"https:\/\/www.comercialfrankcanarias.com\/wp-content\/uploads\/2024\/07\/Crecer2-1.png 1920w, https:\/\/www.comercialfrankcanarias.com\/wp-content\/uploads\/2024\/07\/Crecer2-1-600x338.png 600w, https:\/\/www.comercialfrankcanarias.com\/wp-content\/uploads\/2024\/07\/Crecer2-1-768x432.png 768w, https:\/\/www.comercialfrankcanarias.com\/wp-content\/uploads\/2024\/07\/Crecer2-1-1536x864.png 1536w\" sizes=\"auto, (max-width: 1920px) 100vw, 1920px\" \/><\/figure><\/div>\n\n\n<p class=\"has-text-align-center has-medium-font-size\"><strong>En Comercial Frank, trabajamos para favorecer a tu empresa, que cumplas tus objetivos y crecer en el mundo de los negocios.<\/strong> <strong>Distribuimos marcas de prestigio que te ayudaran a ofrecerle a tus clientes una relaci\u00f3n calidad \/ precio que te distinga en todos nuestros sectores.<\/strong><\/p>\n\n\n\n<div style=\"height:50px\" aria-hidden=\"true\" class=\"wp-block-spacer\"><\/div>\n\n\n\n<h1 class=\"wp-block-heading has-text-align-center\"><strong>OTROS SERVICIOS QUE OFRECEMOS<\/strong><\/h1>\n\n\n\n<div class=\"wp-block-columns alignwide are-vertically-aligned-center is-layout-flex wp-container-core-columns-is-layout-9d6595d7 wp-block-columns-is-layout-flex\">\n<div class=\"wp-block-column is-vertically-aligned-center is-layout-flow wp-block-column-is-layout-flow\">\n<h2 class=\"wp-block-heading has-text-align-center\">Bolsas de papel personalizadas<\/h2>\n\n\n\n<p class=\"has-text-align-center\" style=\"font-size:20px\">Las bolsas de papel transmiten a los compradores una imagen elegante, de calidad y de fiabilidad. Por eso, en Comercial Frank te ofrecemos la posibilidad de&nbsp;personalizar las bolsas de papel&nbsp;con el logotipo de tu negocio y con diferentes colores y tipos de bolsas a escoger. Disponer de bolsas de papel personalizadas ser\u00e1 un&nbsp;elemento clave para crear imagen de marca&nbsp;y diferenciarte con muy buenos resultados.<\/p>\n<\/div>\n\n\n\n<div class=\"wp-block-column is-vertically-aligned-center is-layout-flow wp-block-column-is-layout-flow\"><div class=\"wp-block-image\">\n<figure class=\"aligncenter size-full\"><img loading=\"lazy\" decoding=\"async\" width=\"542\" height=\"336\" src=\"https:\/\/www.comercialfrankcanarias.com\/wp-content\/uploads\/2023\/05\/Captura11-1-1.png\" alt=\"\" class=\"wp-image-2173\" srcset=\"https:\/\/www.comercialfrankcanarias.com\/wp-content\/uploads\/2023\/05\/Captura11-1-1.png 542w, https:\/\/www.comercialfrankcanarias.com\/wp-content\/uploads\/2023\/05\/Captura11-1-1-300x186.png 300w\" sizes=\"auto, (max-width: 542px) 100vw, 542px\" \/><\/figure><\/div><\/div>\n<\/div>\n\n\n\n<div style=\"height:25px\" aria-hidden=\"true\" class=\"wp-block-spacer\"><\/div>\n\n\n\n<div class=\"wp-block-columns alignwide are-vertically-aligned-center is-layout-flex wp-container-core-columns-is-layout-9d6595d7 wp-block-columns-is-layout-flex\">\n<div class=\"wp-block-column is-vertically-aligned-center is-layout-flow wp-block-column-is-layout-flow\"><div class=\"wp-block-image\">\n<figure class=\"aligncenter size-large\"><img loading=\"lazy\" decoding=\"async\" width=\"1024\" height=\"284\" src=\"https:\/\/www.comercialfrankcanarias.com\/wp-content\/uploads\/2023\/05\/Sin-titulo-1-2-1024x284.png\" alt=\"\" class=\"wp-image-2174\" srcset=\"https:\/\/www.comercialfrankcanarias.com\/wp-content\/uploads\/2023\/05\/Sin-titulo-1-2-1024x284.png 1024w, https:\/\/www.comercialfrankcanarias.com\/wp-content\/uploads\/2023\/05\/Sin-titulo-1-2-300x83.png 300w, https:\/\/www.comercialfrankcanarias.com\/wp-content\/uploads\/2023\/05\/Sin-titulo-1-2-768x213.png 768w, https:\/\/www.comercialfrankcanarias.com\/wp-content\/uploads\/2023\/05\/Sin-titulo-1-2-1536x427.png 1536w, https:\/\/www.comercialfrankcanarias.com\/wp-content\/uploads\/2023\/05\/Sin-titulo-1-2.png 1800w\" sizes=\"auto, (max-width: 1024px) 100vw, 1024px\" \/><\/figure><\/div><\/div>\n\n\n\n<div class=\"wp-block-column is-vertically-aligned-center is-layout-flow wp-block-column-is-layout-flow\">\n<h2 class=\"wp-block-heading has-text-align-center\">Sobres de papel personalizados<\/h2>\n\n\n\n<p class=\"has-text-align-center\" style=\"font-size:20px\">En Comercial Frank puedes imprimir todo tipo de sobres personalizados.&nbsp; Disponemos de varias medidas de sobres y tonos de colores que le proporcionar\u00e1 a tu negocio la seriedad y profesionalidad que se merece.<\/p>\n<\/div>\n<\/div>\n\n\n\n<div style=\"height:100px\" aria-hidden=\"true\" class=\"wp-block-spacer\"><\/div>\n","protected":false},"excerpt":{"rendered":"<p>Somos un equipo que quiere estar a tu lado La empresa Comercial Frank tiene una larga experiencia, m\u00e1s de 17 a\u00f1os, como distribuidora de productos de marcas l\u00edderes de su sector, pertenecientes a \u00e1mbitos tan diversos como el sector automovil\u00edstico, papeler\u00eda, art\u00edculos de regalo, souvenir, etc&#8230; En Comercial Frank, trabajamos para favorecer a tu empresa,&#8230;<\/p>\n","protected":false},"author":2,"featured_media":0,"parent":0,"menu_order":0,"comment_status":"closed","ping_status":"closed","template":"","meta":{"_kad_post_transparent":"","_kad_post_title":"","_kad_post_layout":"","_kad_post_sidebar_id":"","_kad_post_content_style":"","_kad_post_vertical_padding":"","_kad_post_feature":"","_kad_post_feature_position":"","_kad_post_header":false,"_kad_post_footer":false,"_kad_post_classname":"","footnotes":""},"class_list":["post-2260","page","type-page","status-publish","hentry"],"yoast_head":"<!-- This site is optimized with the Yoast SEO plugin v27.1 - https:\/\/yoast.com\/product\/yoast-seo-wordpress\/ -->\n<title>\u00bfQui\u00e9nes somos? - Comercial Frank Canarias<\/title>\n<meta name=\"robots\" content=\"index, follow, max-snippet:-1, max-image-preview:large, max-video-preview:-1\" \/>\n<link rel=\"canonical\" href=\"https:\/\/www.comercialfrankcanarias.com\/index.php\/quienes-somos-2\/\" \/>\n<meta property=\"og:locale\" content=\"es_ES\" \/>\n<meta property=\"og:type\" content=\"article\" \/>\n<meta property=\"og:title\" content=\"\u00bfQui\u00e9nes somos? - Comercial Frank Canarias\" \/>\n<meta property=\"og:description\" content=\"Somos un equipo que quiere estar a tu lado La empresa Comercial Frank tiene una larga experiencia, m\u00e1s de 17 a\u00f1os, como distribuidora de productos de marcas l\u00edderes de su sector, pertenecientes a \u00e1mbitos tan diversos como el sector automovil\u00edstico, papeler\u00eda, art\u00edculos de regalo, souvenir, etc&#8230; En Comercial Frank, trabajamos para favorecer a tu empresa,...\" \/>\n<meta property=\"og:url\" content=\"https:\/\/www.comercialfrankcanarias.com\/index.php\/quienes-somos-2\/\" \/>\n<meta property=\"og:site_name\" content=\"Comercial Frank Canarias\" \/>\n<meta property=\"og:image\" content=\"https:\/\/www.comercialfrankcanarias.com\/wp-content\/uploads\/2024\/06\/Logo_fRANK_Prueba-1.png\" \/>\n<meta name=\"twitter:card\" content=\"summary_large_image\" \/>\n<meta name=\"twitter:label1\" content=\"Tiempo de lectura\" \/>\n\t<meta name=\"twitter:data1\" content=\"2 minutos\" \/>\n<script type=\"application\/ld+json\" class=\"yoast-schema-graph\">{\"@context\":\"https:\/\/schema.org\",\"@graph\":[{\"@type\":\"WebPage\",\"@id\":\"https:\/\/www.comercialfrankcanarias.com\/index.php\/quienes-somos-2\/\",\"url\":\"https:\/\/www.comercialfrankcanarias.com\/index.php\/quienes-somos-2\/\",\"name\":\"\u00bfQui\u00e9nes somos? - Comercial Frank Canarias\",\"isPartOf\":{\"@id\":\"https:\/\/www.comercialfrankcanarias.com\/#website\"},\"primaryImageOfPage\":{\"@id\":\"https:\/\/www.comercialfrankcanarias.com\/index.php\/quienes-somos-2\/#primaryimage\"},\"image\":{\"@id\":\"https:\/\/www.comercialfrankcanarias.com\/index.php\/quienes-somos-2\/#primaryimage\"},\"thumbnailUrl\":\"https:\/\/www.comercialfrankcanarias.com\/wp-content\/uploads\/2024\/06\/Logo_fRANK_Prueba-1.png\",\"datePublished\":\"2024-07-10T09:32:00+00:00\",\"breadcrumb\":{\"@id\":\"https:\/\/www.comercialfrankcanarias.com\/index.php\/quienes-somos-2\/#breadcrumb\"},\"inLanguage\":\"es\",\"potentialAction\":[{\"@type\":\"ReadAction\",\"target\":[\"https:\/\/www.comercialfrankcanarias.com\/index.php\/quienes-somos-2\/\"]}]},{\"@type\":\"ImageObject\",\"inLanguage\":\"es\",\"@id\":\"https:\/\/www.comercialfrankcanarias.com\/index.php\/quienes-somos-2\/#primaryimage\",\"url\":\"https:\/\/www.comercialfrankcanarias.com\/wp-content\/uploads\/2024\/06\/Logo_fRANK_Prueba-1.png\",\"contentUrl\":\"https:\/\/www.comercialfrankcanarias.com\/wp-content\/uploads\/2024\/06\/Logo_fRANK_Prueba-1.png\",\"width\":765,\"height\":595},{\"@type\":\"BreadcrumbList\",\"@id\":\"https:\/\/www.comercialfrankcanarias.com\/index.php\/quienes-somos-2\/#breadcrumb\",\"itemListElement\":[{\"@type\":\"ListItem\",\"position\":1,\"name\":\"Portada\",\"item\":\"https:\/\/www.comercialfrankcanarias.com\/\"},{\"@type\":\"ListItem\",\"position\":2,\"name\":\"\u00bfQui\u00e9nes somos?\"}]},{\"@type\":\"WebSite\",\"@id\":\"https:\/\/www.comercialfrankcanarias.com\/#website\",\"url\":\"https:\/\/www.comercialfrankcanarias.com\/\",\"name\":\"Comercial Frank Canarias\",\"description\":\"Proveedor de productos qu\u00edmicos para automoci\u00f3n:Lubricantes, anticongelantes, lavaparabrisas, hidraulicos, limpieza, etc.\",\"publisher\":{\"@id\":\"https:\/\/www.comercialfrankcanarias.com\/#organization\"},\"potentialAction\":[{\"@type\":\"SearchAction\",\"target\":{\"@type\":\"EntryPoint\",\"urlTemplate\":\"https:\/\/www.comercialfrankcanarias.com\/?s={search_term_string}\"},\"query-input\":{\"@type\":\"PropertyValueSpecification\",\"valueRequired\":true,\"valueName\":\"search_term_string\"}}],\"inLanguage\":\"es\"},{\"@type\":\"Organization\",\"@id\":\"https:\/\/www.comercialfrankcanarias.com\/#organization\",\"name\":\"Comercial Frank Canarias\",\"url\":\"https:\/\/www.comercialfrankcanarias.com\/\",\"logo\":{\"@type\":\"ImageObject\",\"inLanguage\":\"es\",\"@id\":\"https:\/\/www.comercialfrankcanarias.com\/#\/schema\/logo\/image\/\",\"url\":\"https:\/\/www.comercialfrankcanarias.com\/wp-content\/uploads\/2023\/05\/cropped-logo.jpg\",\"contentUrl\":\"https:\/\/www.comercialfrankcanarias.com\/wp-content\/uploads\/2023\/05\/cropped-logo.jpg\",\"width\":249,\"height\":223,\"caption\":\"Comercial Frank Canarias\"},\"image\":{\"@id\":\"https:\/\/www.comercialfrankcanarias.com\/#\/schema\/logo\/image\/\"}}]}<\/script>\n<!-- \/ Yoast SEO plugin. -->","yoast_head_json":{"title":"\u00bfQui\u00e9nes somos? - Comercial Frank Canarias","robots":{"index":"index","follow":"follow","max-snippet":"max-snippet:-1","max-image-preview":"max-image-preview:large","max-video-preview":"max-video-preview:-1"},"canonical":"https:\/\/www.comercialfrankcanarias.com\/index.php\/quienes-somos-2\/","og_locale":"es_ES","og_type":"article","og_title":"\u00bfQui\u00e9nes somos? - Comercial Frank Canarias","og_description":"Somos un equipo que quiere estar a tu lado La empresa Comercial Frank tiene una larga experiencia, m\u00e1s de 17 a\u00f1os, como distribuidora de productos de marcas l\u00edderes de su sector, pertenecientes a \u00e1mbitos tan diversos como el sector automovil\u00edstico, papeler\u00eda, art\u00edculos de regalo, souvenir, etc&#8230; En Comercial Frank, trabajamos para favorecer a tu empresa,...","og_url":"https:\/\/www.comercialfrankcanarias.com\/index.php\/quienes-somos-2\/","og_site_name":"Comercial Frank Canarias","og_image":[{"url":"https:\/\/www.comercialfrankcanarias.com\/wp-content\/uploads\/2024\/06\/Logo_fRANK_Prueba-1.png","type":"","width":"","height":""}],"twitter_card":"summary_large_image","twitter_misc":{"Tiempo de lectura":"2 minutos"},"schema":{"@context":"https:\/\/schema.org","@graph":[{"@type":"WebPage","@id":"https:\/\/www.comercialfrankcanarias.com\/index.php\/quienes-somos-2\/","url":"https:\/\/www.comercialfrankcanarias.com\/index.php\/quienes-somos-2\/","name":"\u00bfQui\u00e9nes somos? - Comercial Frank Canarias","isPartOf":{"@id":"https:\/\/www.comercialfrankcanarias.com\/#website"},"primaryImageOfPage":{"@id":"https:\/\/www.comercialfrankcanarias.com\/index.php\/quienes-somos-2\/#primaryimage"},"image":{"@id":"https:\/\/www.comercialfrankcanarias.com\/index.php\/quienes-somos-2\/#primaryimage"},"thumbnailUrl":"https:\/\/www.comercialfrankcanarias.com\/wp-content\/uploads\/2024\/06\/Logo_fRANK_Prueba-1.png","datePublished":"2024-07-10T09:32:00+00:00","breadcrumb":{"@id":"https:\/\/www.comercialfrankcanarias.com\/index.php\/quienes-somos-2\/#breadcrumb"},"inLanguage":"es","potentialAction":[{"@type":"ReadAction","target":["https:\/\/www.comercialfrankcanarias.com\/index.php\/quienes-somos-2\/"]}]},{"@type":"ImageObject","inLanguage":"es","@id":"https:\/\/www.comercialfrankcanarias.com\/index.php\/quienes-somos-2\/#primaryimage","url":"https:\/\/www.comercialfrankcanarias.com\/wp-content\/uploads\/2024\/06\/Logo_fRANK_Prueba-1.png","contentUrl":"https:\/\/www.comercialfrankcanarias.com\/wp-content\/uploads\/2024\/06\/Logo_fRANK_Prueba-1.png","width":765,"height":595},{"@type":"BreadcrumbList","@id":"https:\/\/www.comercialfrankcanarias.com\/index.php\/quienes-somos-2\/#breadcrumb","itemListElement":[{"@type":"ListItem","position":1,"name":"Portada","item":"https:\/\/www.comercialfrankcanarias.com\/"},{"@type":"ListItem","position":2,"name":"\u00bfQui\u00e9nes somos?"}]},{"@type":"WebSite","@id":"https:\/\/www.comercialfrankcanarias.com\/#website","url":"https:\/\/www.comercialfrankcanarias.com\/","name":"Comercial Frank Canarias","description":"Proveedor de productos qu\u00edmicos para automoci\u00f3n:Lubricantes, anticongelantes, lavaparabrisas, hidraulicos, limpieza, etc.","publisher":{"@id":"https:\/\/www.comercialfrankcanarias.com\/#organization"},"potentialAction":[{"@type":"SearchAction","target":{"@type":"EntryPoint","urlTemplate":"https:\/\/www.comercialfrankcanarias.com\/?s={search_term_string}"},"query-input":{"@type":"PropertyValueSpecification","valueRequired":true,"valueName":"search_term_string"}}],"inLanguage":"es"},{"@type":"Organization","@id":"https:\/\/www.comercialfrankcanarias.com\/#organization","name":"Comercial Frank Canarias","url":"https:\/\/www.comercialfrankcanarias.com\/","logo":{"@type":"ImageObject","inLanguage":"es","@id":"https:\/\/www.comercialfrankcanarias.com\/#\/schema\/logo\/image\/","url":"https:\/\/www.comercialfrankcanarias.com\/wp-content\/uploads\/2023\/05\/cropped-logo.jpg","contentUrl":"https:\/\/www.comercialfrankcanarias.com\/wp-content\/uploads\/2023\/05\/cropped-logo.jpg","width":249,"height":223,"caption":"Comercial Frank Canarias"},"image":{"@id":"https:\/\/www.comercialfrankcanarias.com\/#\/schema\/logo\/image\/"}}]}},"_links":{"self":[{"href":"https:\/\/www.comercialfrankcanarias.com\/index.php\/wp-json\/wp\/v2\/pages\/2260","targetHints":{"allow":["GET"]}}],"collection":[{"href":"https:\/\/www.comercialfrankcanarias.com\/index.php\/wp-json\/wp\/v2\/pages"}],"about":[{"href":"https:\/\/www.comercialfrankcanarias.com\/index.php\/wp-json\/wp\/v2\/types\/page"}],"author":[{"embeddable":true,"href":"https:\/\/www.comercialfrankcanarias.com\/index.php\/wp-json\/wp\/v2\/users\/2"}],"replies":[{"embeddable":true,"href":"https:\/\/www.comercialfrankcanarias.com\/index.php\/wp-json\/wp\/v2\/comments?post=2260"}],"version-history":[{"count":4,"href":"https:\/\/www.comercialfrankcanarias.com\/index.php\/wp-json\/wp\/v2\/pages\/2260\/revisions"}],"predecessor-version":[{"id":2467,"href":"https:\/\/www.comercialfrankcanarias.com\/index.php\/wp-json\/wp\/v2\/pages\/2260\/revisions\/2467"}],"wp:attachment":[{"href":"https:\/\/www.comercialfrankcanarias.com\/index.php\/wp-json\/wp\/v2\/media?parent=2260"}],"curies":[{"name":"wp","href":"https:\/\/api.w.org\/{rel}","templated":true}]}}